ed by 11?
1
Calculate the remainder when 44141 is divided by 14705.
26
What is the remainder when 28925 is divided by 12?
5
Calculate the remainder when 3670 is divided by 27.
25
What is the remainder when 6279 is divided by 428?
287
Calculate the remainder when 1642 is divided by 16.
10
Calculate the remainder when 687 is divided by 630.
57
What is the remainder when 1301 is divided by 1290?
11
What is the remainder when 1783 is divided by 446?
445
Calculate the remainder when 12903 is divided by 1430.
33
Calculate the remainder when 72048 is divided by 55.
53
Calculate the remainder when 496138 is divided by 165377.
7
What is the remainder when 38714 is divided by 38704?
10
Calculate the remainder when 17838 is divided by 1189.
3
What is the remainder when 30013 is divided by 9981?
70
Calculate the remainder when 4839766 is divided by 18.
16
Calculate the remainder when 4971 is divided by 1649.
24
Calculate the remainder when 11073 is divided by 159.
102
What is the remainder when 13670 is divided by 84?
62
What is the remainder when 1605606 is divided by 479?
477
What is the remainder when 22780 is divided by 7496?
292
Calculate the remainder when 6604 is divided by 21.
10
Calculate the remainder when 11728 is divided by 1418.
384
Calculate the remainder when 522079 is divided by 174019.
22
Calculate the remainder when 2489 is divided by 603.
77
What is the remainder when 4246 is divided by 305?
281
What is the remainder when 3927 is divided by 57?
51
What is the remainder when 1538 is divided by 154?
152
Calculate the remainder when 614 is divided by 71.
46
Calculate the remainder when 2672 is divided by 271.
233
What is the remainder when 9732 is divided by 44?
8
What is the remainder when 325 is divided by 275?
50
Calculate the remainder when 3925 is divided by 303.
289
Calculate the remainder when 9872 is divided by 988.
980
Calculate the remainder when 634937 is divided by 69.
68
What is the remainder when 9156 is divided by 9154?
2
What is the remainder when 627 is divided by 362?
265
Calculate the remainder when 7538 is divided by 234.
50
What is the remainder when 3015070 is divided by 152?
150
What is the remainder when 3475 is divided by 565?
85
What is the remainder when 100775 is divided by 21?
17
What is the remainder when 381431 is divided by 138?
137
Calculate the remainder when 1220 is divided by 1218.
2
Calculate the remainder when 170098 is divided by 675.
673
Calculate the remainder when 15535 is divided by 40.
15
Calculate the remainder when 1703184 is divided by 895.
894
What is the remainder when 711 is divided by 137?
26
Calculate the remainder when 154698 is divided by 85.
83
What is the remainder when 72876 is divided by 8097?
3
What is the remainder when 12574 is divided by 2511?
19
Calculate the remainder when 6943 is divided by 183.
172
Calculate the remainder when 2696 is divided by 381.
29
What is the remainder when 82386 is divided by 43?
41
Calculate the remainder when 8847 is divided by 268.
3
What is the remainder when 2395 is divided by 388?
67
Calculate the remainder when 43923 is divided by 109.
105
Calculate the remainder when 80126 is divided by 3337.
38
What is the remainder when 3628 is divided by 74?
2
What is the remainder when 1833 is divided by 1?
0
Calculate the remainder when 17210 is divided by 956.
2
What is the remainder when 29309 is divided by 1944?
149
What is the remainder when 82831 is divided by 13805?
1
Calculate the remainder when 991 is divided by 143.
133
What is the remainder when 332399 is divided by 40?
39
What is the remainder when 1019 is divided by 33?
29
Calculate the remainder when 10442 is divided by 1172.
1066
What is the remainder when 4045 is divided by 32?
13
What is the remainder when 19 is divided by 7?
5
What is the remainder when 11081 is divided by 806?
603
What is the remainder when 11912 is divided by 3968?
8
Calculate the remainder when 4908166 is divided by 1116.
1114
What is the remainder when 64300 is divided by 112?
12
What is the remainder when 17717 is divided by 13?
11
Calculate the remainder when 59243 is divided by 697.
695
Calculate the remainder when 537 is divided by 175.
12
Calculate the remainder when 43183 is divided by 28.
7
What is the remainder when 7171 is divided by 3228?
715
Calculate the remainder when 203767 is divided by 7.
4
Calculate the remainder when 406004 is divided by 8.
4
What is the remainder when 1177557 is divided by 3703?
3
What is the remainder when 2603 is divided by 85?
53
What is the remainder when 3846 is divided by 674?
476
Calculate the remainder when 2550 is divided by 1.
0
What is the remainder when 1030 is divided by 1024?
6
Calculate the remainder when 13893 is divided by 72.
69
What is the remainder when 269436 is divided by 31?
15
Calculate the remainder when 4784 is divided by 341.
10
What is the remainder when 424395 is divided by 141458?
21
What is the remainder when 115283 is divided by 78?
77
Calculate the remainder when 2582 is divided by 318.
38
Calculate the remainder when 140804 is divided by 139.
136
What is the remainder when 5842 is divided by 12?
10
Calculate the remainder when 2172 is divided by 186.
126
What is the remainder when 2401 is divided by 182?
35
Calculate the remainder when 2528 is divided by 382.
236
What is the remainder when 2901 is divided by 49?
10
Calculate the remainder when 969 is divided by 221.
85
Calculate the remainder when 83519 is divided by 24.
23
What is the remainder when 160731 is divided by 796?
735
What is the remainder when 16268 is divided by 9?
5
Calculate the remainder when 1137363 is divided by 125.
113
Calculate the remainder when 14868 is divided by 393.
327
Calculate the remainder when 13447319 is divided by 30.
29
What is the remainder when 142902 is divided by 35712?
54
Calculate the remainder when 314103 is divided by 62819.
8
Calculate the remainder when 44876 is divided by 528.
524
What is the remainder when 8349 is divided by 8284?
65
Calculate the remainder when 75400 is divided by 3.
1
Calculate the remainder when 132256 is divided by 469.
467
Calculate the remainder when 10953 is divided by 353.
10
Calculate the remainder when 1352 is divided by 341.
329
Calculate the remainder when 2257 is divided by 375.
7
Calculate the remainder when 2190 is divided by 355.
60
Calculate the remainder when 5893 is divided by 1897.
202
What is the remainder when 56283 is divided by 18744?
51
What is the remainder when 11513 is divided by 362?
291
What is the remainder when 6222 is divided by 78?
60
What is the remainder when 31878 is divided by 255?
3
What is the remainder when 723308 is divided by 12?
8
What is the remainder when 17569 is divided by 462?
13
Calculate the remainder when 74394 is divided by 1499.
943
Calculate the remainder when 8794 is divided by 3283.
2228
Calculate the remainder when 394933 is divided by 48.
37
What is the remainder when 3125201 is divided by 111?
107
Calculate the remainder when 22723 is divided by 247.
246
What is the remainder when 2141 is divided by 434?
405
What is the remainder when 35 is divided by 4?
3
Calculate the remainder when 202213 is divided by 58.
25
What is the remainder when 22245 is divided by 605?
465
What is the remainder when 290932 is divided by 63?
61
What is the remainder when 65188 is divided by 25?
13
Calculate the remainder when 9774 is divided by 142.
118
What is the remainder when 91689 is divided by 9?
6
What is the remainder when 13930 is divided by 2785?
5
What is the remainder when 19152 is divided by 163?
81
Calculate the remainder when 1200 is divided by 1183.
17
What is the remainder when 2497 is divided by 79?
48
What is the remainder when 149525 is divided by 122?
75
What is the remainder when 16315 is divided by 83?
47
What is the remainder when 404583 is divided by 7?
4
Calculate the remainder when 413142 is divided by 25.
17
What is the remainder when 12443 is divided by 6205?
33
What is the remainder when 24325 is divided by 374?
15
Calculate the remainder when 77489 is divided by 82.
81
Calculate the remainder when 1272 is divided by 85.
82
Calculate the remainder when 538602 is divided by 16831.
10
What is the remainder when 15778 is divided by 116?
2
What is the remainder when 654 